10
Let m = 32 + -17. Let p = -6 + m. Suppose 4*i = -3*u + 43, 5*u - 2*i - 65 = -7*i. Calculate the highest common divisor of p and u.
9
Let s be 8/28 - (-1069)/7. Let v(d) = -241*d**3 + 2*d**2 + 2*d + 1. Let o be v(-1). Let q be 4/(-14) + o/14. What is the highest common factor of q and s?
17
Let b = -10 + 12. Calculate the highest common divisor of b and 4.
2
Let d = 151 - 140. What is the highest common divisor of 1 and d?
1
Suppose 4*x + x = -50. Let r be ((-40)/(-25))/((-1)/x). Calculate the greatest common factor of r and 80.
16
Suppose -3*y + 29 + 115 = 0. Suppose 2*h = -4*u + 76, -2*h - 3*u = -y - 25. What is the highest common factor of h and 16?
16
Let t be 4 + 3 - (-2)/1. What is the highest common divisor of t and 9?
9
Let f be ((-1)/4 - 2)*-104. Calculate the highest common divisor of f and 13.
13
Let w(i) = 9*i - 6. Let u be w(1). Suppose 2*y = -1 - 31. Let z = 5 - y. What is the highest common factor of z and u?
3
Suppose -69 - 50 = -k. What is the greatest common divisor of 17 and k?
17
Suppose -3 = -2*d + 21. Let l be (-3)/(d/(-20))*9. What is the greatest common factor of 5 and l?
5
Let y(r) = -7*r - 4. Let h be y(-4). Calculate the greatest common divisor of h and 16.
8
Suppose 2*f = f - g + 18, 5*f + g = 74. Calculate the highest common factor of f and 21.
7
Suppose 0 = q + 2*s - 94, 3*q - 315 = -3*s + 8*s. Suppose 2*f - q = 98. Calculate the greatest common divisor of f and 11.
11
Let b be 4 + (-2 - -4) + -2. Suppose 58 = 5*o - 3*s + s, -4*o + b*s = -56. Let x(g) = 13*g - 2. Let f be x(4). What is the greatest common factor of f and o?
10
Let z be 6*(4 - 1)/9. What is the greatest common factor of z and 10?
2
Suppose -4*c - 5*s = -16, -4*s + 3 + 1 = c. Suppose 2*u - 11 = -u - c*h, 1 = -5*u + 3*h. Calculate the greatest common divisor of 1 and u.
1
Suppose -29 - 27 = -14*a. Calculate the greatest common factor of 16 and a.
4
Let n = 73 + -3. What is the greatest common divisor of 10 and n?
10
Suppose -o - 3*f - 80 = 0, -o + 105 = -3*o + 5*f. Let d be (o/(-5))/(1/1). Calculate the greatest common factor of d and 91.
13
Let v = 803 + -308. Suppose 4*x - v = -x. What is the highest common divisor of 9 and x?
9
Let o(y) = -y - 1. Let m be o(-3). Suppose g + m*g - 240 = 0. What is the greatest common factor of g and 10?
10
Suppose 3*o - b - 49 = b, 2*o - 3*b - 36 = 0. What is the highest common factor of o and 25?
5
Let a be 7/1*(1 + 0). Let h be 0 - (-1 + (0 - 3)). Suppose 3*s = -5*d + 137, 0 = -h*d - 3*s + 2*s + 111. What is the greatest common divisor of d and a?
7
Suppose 0 = 5*t + 3*w + 2*w - 45, -w = 0. Suppose -2*d = -4*d + 6. Suppose u - d*u = 5*h - 399, 5*h = u + 408. What is the highest common factor of h and t?
9
Let i(d) = 65*d**2 - 2*d. Let g be i(1). Calculate the greatest common factor of 7 and g.
7
Let i(d) be the first derivative of -2*d**2 - 7*d - 6. Let j be i(-5). What is the highest common factor of 13 and j?
13
Let n be (0 - 1)/((-2)/22). What is the highest common factor of 99 and n?
11
Suppose -f = -3*b + 212, 4*b - 4*f - 227 = b. Let a = 40 + -6. Suppose 2*s = 3*w + a - 172, -4*w - 4*s = -184. What is the highest common factor of b and w?
23
Let s(r) = 28*r**2 - 3*r + 3. Let q be s(1). What is the greatest common divisor of q and 112?
28
Let r(v) = 17*v**3 - 2*v**2 - v + 2. Let o be r(1). What is the greatest common factor of o and 128?
16
Suppose 4*y - 28 = -7*f + 3*f, -4*f - 3*y + 25 = 0. Suppose 5*t - 72 = 3*o, f*o + 43 - 3 = 2*t. Calculate the greatest common divisor of 48 and t.
12
Let a be 10*1 - (-5 + 2). Suppose 2*o + 0*o - 234 = 0. What is the greatest common divisor of o and a?
13
Let v be 8/((3 + -9 + 4)/(-13)). Calculate the highest common divisor of v and 78.
26
Suppose -28 = -2*a - 0*a. Let t = a + 12. Let o = t - 18. Calculate the highest common factor of o and 1.
1
Let k = -61 + 76. What is the greatest common factor of k and 45?
15
Let k(r) = 3*r + 5. Let t be k(5). Suppose -2*p - f = 20 + 9, 0 = 3*p + 5*f + 54. Let l = 17 + p. What is the highest common factor of l and t?
4
Suppose 2*v = 4*o + 16, 0 = -4*o + 1 + 7. Let r = 122 + -14. Calculate the greatest common factor of r and v.
12
Let r(y) = 4*y**2 + 6*y + 16. Let a be r(-2). What is the greatest common factor of a and 20?
20
Suppose -4*m + 53 - 17 = 0. Calculate the highest common divisor of m and 63.
9
Let a(u) = -3*u**3 - 3*u**2 + u + 3. Let h = 7 - 14. Let w = h - -4. Let p be a(w). What is the greatest common factor of 36 and p?
18
Let l = -29 - -60. Suppose 49 = y - l. What is the greatest common divisor of y and 32?
16
Suppose -358 - 146 = -12*n. Calculate the greatest common factor of 6 and n.
6
Suppose -264 = -2*q + 5*u, -q = -2*q + 2*u + 132. Let m be ((-25)/(-15))/(20/144). What is the highest common factor of q and m?
12
Let a(b) = 7*b - 10. Let j be a(4). Calculate the highest common divisor of 27 and j.
9
Let l be (-1)/(-8) + 39039/264. Calculate the greatest common divisor of l and 37.
37
Let o(z) = z**2 + 6*z + 4. Let b be o(-5). Let d = b - -11. Let p be (1 + 7)/(4/d). What is the greatest common factor of p and 5?
5
Suppose 5*u + 47 + 43 = 5*q, -4*q + u = -57. Calculate the highest common factor of 26 and q.
13
Let u = 32 + -8. What is the highest common divisor of u and 72?
24
Let r be (0 - 26)/(5/(-5) + -1). What is the greatest common factor of 52 and r?
13
Suppose -24 = -2*j - 0*t + 2*t, j = -t + 16. Calculate the highest common divisor of 21 and j.
7
Let q = 51 - -105. Suppose 0 = -2*v + q + 40. Calculate the highest common divisor of 14 and v.
14
Let r = 9 - 1. Let y = -2 - -4. Suppose y = -k + 3. Calculate the greatest common divisor of r and k.
1
Let z be 32/((1 - 3)/(-4)). Suppose c = d + 21, 2*c + 2*c - d = 69. What is the highest common divisor of z and c?
16
Let l = -40 + 56. Let v(x) = 34*x**2 - 4*x. Let q be v(2). What is the greatest common divisor of q and l?
16
Let n(s) = -3*s**3 + 2*s - 1. Let j be n(1). Let c be (-1)/(j/14)*1. Calculate the greatest common factor of 1 and c.
1
Suppose 6*l - 200 = 4*l. Calculate the greatest common factor of l and 4.
4
Let o be (1/(4/(-9)))/((-45)/480). Calculate the greatest common factor of 48 and o.
24
Let i = 1 + 11. Let a be (i/10)/(18/60). Calculate the highest common factor of 4 and a.
4
Let u be -1 - (-5)/((-10)/66). Let d = -15 - u. Calculate the highest common factor of 19 and d.
19
Let t = 6 + -2. Let x be 88/(-12) - t/6. Let u = x + 12. Calculate the highest common divisor of 10 and u.
2
Let p(r) = -4*r**3 + r**2 + r. Let h(y) = y**3 - 13*y**2 - 1. Let f be h(13). Let i be p(f). Calculate the highest common factor of i and 1.
1
Let o(f) = -f**2 + 7*f + 24. Let u be o(7). Calculate the highest common factor of u and 8.
8
Suppose -10*d + 4*d + 54 = 0. Calculate the highest common factor of d and 36.
9
Suppose 0 = -4*d + 5 + 15. Suppose 2*b - h = -0*h + d, -2*b - 5*h + 11 = 0. Suppose -11 - 16 = -b*m. What is the greatest common divisor of 6 and m?
3
Let o(f) = f**2 - 4. Let y be o(0). Let z be 3*y/(-3)*8. What is the highest common divisor of 8 and z?
8
Suppose 0 = -3*y - 2*g + 37, -y = -2*y + 5*g - 16. Calculate the greatest common factor of 135 and y.
9
Let c(f) = -f - 14. Let i be c(-16). Suppose -4*g + 3*g = -3*p - 7, -5*g + 45 = -5*p. Calculate the highest common divisor of g and i.
2
Suppose 5*j + 145 = 5*b, -64 = -2*b - 0*j + 5*j. Calculate the greatest common factor of b and 9.
9
Let h be (-7)/((-28)/128) + (-2 - 2). Calculate the highest common factor of h and 196.
28
Suppose -2*v = 2*a - 48, -3*v + 2*a + 134 = 2*v. Let c be (3 - 3) + (-6)/(-1). Suppose 2*h + 260 = c*h. What is the highest common divisor of h and v?
13
Let p = -54 + 81. Suppose 4*t - t - p = 0. Calculate the greatest common factor of t and 6.
3
Suppose 14*n - 4*n - 1350 = 0. What is the greatest common divisor of 90 and n?
45
Suppose 3*r = -a + 1, -4*a + 4*r + 10 = -10. Let m be (-1*(-60)/a)/1. What is the greatest common factor of 3 and m?
3
Suppose 2*w = w. Suppose 0*v - 3*v + 66 = w. Let y = -7 + v. What is the highest common factor of y and 3?
3
Let w be (-5)/2*(-8)/5. Suppose -w*z = -43 + 7. What is the greatest common factor of 18 and z?
9
Suppose m + 49 + 3 = 0. Let y be (-1)/3 - m/12. What is the highest common divisor of y and 24?
4
Let i = 100 + -50. Calculate the 